 229
What are the prime factors of 1272518?
2, 13, 17, 2879
List the prime factors of 160173.
3, 13, 37
List the prime factors of 340406.
2, 11, 15473
List the prime factors of 28840.
2, 5, 7, 103
List the prime factors of 536110.
2, 5, 53611
List the prime factors of 148300.
2, 5, 1483
What are the prime factors of 554156?
2, 31, 41, 109
What are the prime factors of 1518858?
2, 3, 11, 2557
List the prime factors of 11800000.
2, 5, 59
List the prime factors of 2180019.
3, 149, 4877
List the prime factors of 552972.
2, 3, 7, 29, 227
List the prime factors of 6156964.
2, 11, 12721
List the prime factors of 219114.
2, 3, 7, 37, 47
List the prime factors of 936381.
3, 29, 47, 229
What are the prime factors of 193942?
2, 7, 1979
What are the prime factors of 2129964?
2, 3, 17, 53, 197
List the prime factors of 6789175.
5, 19, 14293
What are the prime factors of 11343383?
11343383
What are the prime factors of 1174388?
2, 331, 887
List the prime factors of 1049892.
2, 3, 87491
List the prime factors of 4200.
2, 3, 5, 7
What are the prime factors of 295665?
3, 5, 23, 857
List the prime factors of 16080745.
5, 19, 59, 151
List the prime factors of 7988805.
3, 5, 11, 16139
What are the prime factors of 10693340?
2, 5, 7, 17, 4493
What are the prime factors of 776589?
3, 11, 101, 233
What are the prime factors of 2714041?
11, 246731
List the prime factors of 8983037.
7, 89, 14419
List the prime factors of 14149229.
14149229
List the prime factors of 33024.
2, 3, 43
What are the prime factors of 1600695?
3, 5, 71, 167
What are the prime factors of 623729?
623729
List the prime factors of 868524.
2, 3, 157, 461
List the prime factors of 2174590.
2, 5, 11, 53, 373
What are the prime factors of 1103137?
7, 47, 479
What are the prime factors of 31234584?
2, 3, 107, 12163
List the prime factors of 2185919.
2185919
What are the prime factors of 19539449?
109, 179261
What are the prime factors of 136898?
2, 68449
What are the prime factors of 1025964?
2, 3, 28499
What are the prime factors of 7079558?
2, 3539779
List the prime factors of 1581861.
3, 37, 14251
List the prime factors of 91309.
91309
What are the prime factors of 11502088?
2, 13, 110597
List the prime factors of 294798.
2, 3, 7, 7019
List the prime factors of 21635543.
17, 1272679
What are the prime factors of 811938?
2, 3, 131, 1033
What are the prime factors of 578225?
5, 101, 229
List the prime factors of 287638.
2, 13, 23, 37
What are the prime factors of 74056?
2, 9257
What are the prime factors of 6603551?
1753, 3767
List the prime factors of 5651471.
7, 131, 6163
List the prime factors of 225190.
2, 5, 7, 3217
What are the prime factors of 71633?
71633
List the prime factors of 861500.
2, 5, 1723
List the prime factors of 212512.
2, 29, 229
What are the prime factors of 8409383?
8409383
What are the prime factors of 7334431?
13, 43399
List the prime factors of 227098.
2, 271, 419
List the prime factors of 34792.
2, 4349
List the prime factors of 16857329.
739, 22811
What are the prime factors of 304258?
2, 149, 1021
List the prime factors of 496661.
11, 163, 277
What are the prime factors of 17325?
3, 5, 7, 11
What are the prime factors of 217809?
3, 2689
List the prime factors of 1075709.
17, 63277
List the prime factors of 555248.
2, 34703
What are the prime factors of 56203?
7, 31, 37
What are the prime factors of 8143260?
2, 3, 5, 135721
List the prime factors of 398294.
2, 13, 15319
What are the prime factors of 1236791?
1236791
List the prime factors of 3487306.
2, 23, 47, 1613
List the prime factors of 1024877.
7, 41, 3571
List the prime factors of 4967292.
2, 3, 11, 311
List the prime factors of 601323.
3, 227, 883
List the prime factors of 4391208.
2, 3, 71, 859
List the prime factors of 948312.
2, 3, 13171
What are the prime factors of 2081591?
29, 179, 401
List the prime factors of 3138272.
2, 101, 971
What are the prime factors of 4951336?
2, 13, 47609
List the prime factors of 3153982.
2, 13, 29, 47, 89
What are the prime factors of 842554?
2, 17, 24781
List the prime factors of 560978.
2, 11, 43, 593
List the prime factors of 2664089.
2664089
What are the prime factors of 2722983?
3, 151, 6011
What are the prime factors of 3096513?
3, 7, 23, 2137
List the prime factors of 1414768.
2, 88423
List the prime factors of 373384.
2, 11, 4243
What are the prime factors of 306884?
2, 17, 4513
List the prime factors of 1069368.
2, 3, 17, 2621
List the prime factors of 2497781.
11, 13, 17467
What are the prime factors of 9413925?
3, 5, 31, 4049
List the prime factors of 1303111.
23, 53, 1069
What are the prime factors of 214899?
3, 71633
List the prime factors of 1437967.
1437967
List the prime factors of 5509920.
2, 3, 5, 13, 883
List the prime factors of 2417263.
863, 2801
List the prime factors of 1440700.
2, 5, 14407
List the prime factors of 469313.
13, 2777
What are the prime factors of 5936300?
2, 5, 23, 29, 89
List the prime factors of 26467.
7, 19, 199
What are the prime factors of 263932?
2, 65983
List the prime factors of 1021780.
2, 5, 47, 1087
What are the prime factors of 7893454?
2, 3946727
List the prime factors of 307202.
2, 7, 21943
List the prime factors of 6144331.
37, 166063
What are the prime factors of 1744893?
3, 193877
List the prime factors of 3306643.
3306643
What are the prime factors of 24622?
2, 13, 947
List the prime factors of 358799.
7, 51257
What are the prime factors of 219869?
13, 1301
List the prime factors of 464243.
13, 41, 67
List the prime factors of 3075636.
2, 3, 73, 3511
List the prime factors of 793526.
2, 17, 23339
List the prime factors of 1148219.
1148219
What are the prime factors of 4346786?
2, 2173393
What are the prime factors of 2539519?
2539519
List the prime factors of 164524.
2, 41131
List the prime factors of 8163126.
2, 3, 151169
List the prime factors of 26376.
2, 3, 7, 157
List the prime factors of 22780894.
2, 3137, 3631
What are the prime factors of 9208038?
2, 3, 7, 271, 809
List the prime factors of 437388.
2, 3, 7, 41, 127
List the prime factors of 26777746.
2, 137, 97729
List the prime factors of 31020788.
2, 7755197
What are the prime factors of 883383?
3, 294461
What are the prime factors of 114201?
3, 12689
List the prime factors of 100944.
2, 3, 701
What are the prime factors of 1071865?
5, 214373
What are the prime factors of 231052?
2, 47, 1229
List the prime factors of 19020617.
7, 11, 337, 733
List the prime factors of 2429510.
2, 5, 127, 1913
What are the prime factors of 40887?
3, 7, 11, 59
List the prime factors of 1557375.
3, 5, 4153
List the prime factors of 1342511.
307, 4373
What are the prime factors of 14120007?
3, 11, 427879
List the prime factors of 9603.
3, 11, 97
What are the prime factors of 9656374?
2, 7, 13, 17, 3121
List the prime factors of 3901752.
2, 3, 47, 1153
List the prime factors of 1267317.
3, 140813
List the prime factors of 240576.
2, 3, 7, 179
List the prime factors of 885107.
885107
What are the prime factors of 45772?
2, 11443
What are the prime factors of 222512?
2, 13907
What are the prime factors of 17529509?
41, 43, 61, 163
List the prime factors of 985652.
2, 29, 293
List the prime factors of 255242.
2, 13, 9817
List the prime factors of 36952.
2, 31, 149
List the prime factors of 329253.
3, 109751
List the prime factors of 250875.
3, 5, 223
List the prime factors of 1075831.
769, 1399
What are the prime factors of 286728?
2, 3, 13, 919
List the prime factors of 1323729.
3, 11, 4457
What are the prime factors of 1509492?
2, 3, 125791
What are the prime factors of 1047458?
2, 523729
What are the prime factors of 873661?
79, 11059
What are the prime factors of 936761?
7, 163, 821
List the prime factors of 2940749.
7, 61, 71, 97
What are the prime factors of 26808793?
11, 41, 59443
What are the prime factors of 5306848?
2, 383, 433
What are the prime factors of 285261?
3, 95087
List the prime factors of 204483.
3, 68161
List the prime factors of 231998.
2, 13, 8923
List the prime factors of 1550704.
2, 19, 5101
List the prime factors of 9988399.
9988399
List the prime factors of 2383847.
2383847
What are the prime factors of 9372235?
5, 409, 4583
List the prime factors of 1767551.
19, 41, 2269
List the prime factors of 1398799.
19, 83, 887
List the prime factors of 96830.
2, 5